3
Let f(b) = 20*b + 45. Let g(a) = -28*a - 871. Let w be g(-31). What is f(w)?
-15
Let m be ((-12)/66 - 31/11) + -14. Let i(u) = u**3 + 16*u**2 - 22*u - 8. Calculate i(m).
77
Let o(h) = h**3 - 8*h**2 + 16*h - 66. Suppose 4*x = 3*g + 52, -g - 36 = -1308*x + 1304*x. Calculate o(x).
-3
Let z(v) = v**2 + v + 7. Let k be z(0). Let w = 5 - k. Let q(i) = i + 64 + i - i**2 + 2*i**2 + 63 + 30 - 156. Give q(w).
1
Suppose 150 = -1240*c + 1255*c. Let w(o) = o**2 - 10*o - 9. Give w(c).
-9
Let z be 1 + 0 - -1*1. Let b(q) = 7*q**3 - 6*q**2 + 4*q. Let p(a) = -2*a**3 + 2*a**2 - a - 1. Suppose 826*r - 830*r = 8. Let y(j) = r*p(j) - b(j). Give y(z).
-18
Suppose -5*r = 41 + 34. Let t(d) = d**2 + 20*d + 21. What is t(r)?
-54
Suppose -10*g + 177 - 117 = 0. Suppose 0 = -2*x + b + 21, -g*x + 9*x - 19 = -b. Let f(c) be the second derivative of -c**3/3 + 9*c**2/2 + c. Calculate f(x).
-7
Let u(n) = 26*n - 264. Let q(l) = -27*l + 324. Let b(w) = 3*q(w) + 4*u(w). What is b(4)?
8
Let a(l) be the second derivative of -l**6/72 + l**4/6 - 2*l. Let t(p) be the third derivative of a(p). Suppose 5*b + 11*b + 13 = 3*b. What is t(b)?
10
Let d(m) be the third derivative of m**5/30 - 67*m**4/24 + 19*m**3/3 - 7343*m**2. Give d(33).
5
Let k(g) be the first derivative of g + 4. Let b be (7 - 9)/(-6 - -4). Let t(w) = -w**2 + 2. Let l(s) = b*t(s) - 2*k(s). Calculate l(1).
-1
Let o(c) be the first derivative of 39/2*c**2 - 3/8*c**4 + 9 + 0*c + 1/6*c**3. Let z(q) be the second derivative of o(q). Determine z(3).
-26
Let k = 270 - 7. Let x = k - 258. Let u(f) = -f**3 + 7*f**2 - 9*f + 4. Determine u(x).
9
Let f(v) be the third derivative of v**8/20160 + v**7/1008 - v**6/180 + v**5/5 + 6*v**2 - 12. Let n(o) be the third derivative of f(o). Determine n(-7).
10
Let h(v) = -v. Let r(b) = -2*b + 10. Let y(q) = h(q) + r(q). Let o be y(3). Let z(g) = 6 + 7 - o - 2*g. What is z(8)?
-4
Let o(n) = -3*n**2 - 15*n - 13. Let l(d) = -2*d**2. Let r(q) = -l(q) + o(q). Give r(-6).
41
Suppose 3*f - 101 = -83. Let p(w) be the first derivative of w**3/2 - 2*w**2 + 7*w + 12. Let g(s) be the first derivative of p(s). Calculate g(f).
14
Let k(d) = -3*d - 58. Let b be k(22). Let g = b + 131. Let u(i) = i + 10*i - 4*i + g + i + 6*i**2 + i**3. Give u(-5).
-8
Let y(m) = 7*m**2 + 22*m + 4. Let s(d) = 9*d**2 + 34*d. Let h(x) = -9*x**2 - 32*x - 1. Let b(n) = -5*h(n) - 4*s(n). Let p(j) = 4*b(j) - 5*y(j). Determine p(13).
-13
Let l(r) = r**3 + 51*r**2 + 145*r + 51. Let j be l(-48). Let m(q) be the first derivative of 1/2*q**2 + 10*q - j*q**3 - 1/4*q**4 + 23. Determine m(-9).
1
Let m(y) = -68*y - 22. Let r(x) = -7*x - 2. Let c(f) = -m(f) + 10*r(f). What is c(4)?
-6
Let t(k) = 2*k**3 - k**2 - 3*k + 6. Let n(u) = -3*u**3 + 5*u - 5. Let c(x) = -3*n(x) - 4*t(x). What is c(-4)?
3
Let n(q) = -2*q**2 + 8*q + 2. Let g(h) = -h**2 + 4*h + 1. Let v(b) = b - 7. Let a be v(10). Let c(t) = a*n(t) - 7*g(t). What is c(3)?
-4
Let q(x) = 45*x**3 - 469*x + x**2 + 248*x - 2 + 222*x. Give q(1).
45
Let d(i) = -10 + 65*i**2 + 1 + 14*i + 74*i**2 - 151*i**2 - i**3. Determine d(-13).
-22
Let t(h) be the third derivative of h**7/2520 + 29*h**5/30 - 2*h**2 - 34*h. Let v(a) be the third derivative of t(a). What is v(-4)?
-8
Let g(f) be the first derivative of -f**4 - 12*f**3 + f**2/2 + 18*f - 200. Let o be g(-9). Let u(k) = -k**2 + 6*k + 11. What is u(o)?
-16
Let w(m) = 7*m**3 - 20*m**2 - 36*m - 22. Let x(q) = -52*q**3 + 133*q**2 + 253*q + 155. Let a(f) = -15*w(f) - 2*x(f). Determine a(35).
-15
Let q(k) = 11*k + 85. Let h be q(-5). Let x(y) = 381*y - 1 - h*y**2 - 381*y. What is x(-1)?
-31
Let z(n) = -2*n**2 + n + n**3 - 2 + 0*n + 2*n. Let r(d) = -d**3 - 5*d**2 - 12*d - 30. Let g(a) = -a - 20. Let u be g(-16). Let j be r(u). Calculate z(j).
4
Let z(k) be the third derivative of k**6/120 + k**5/15 - k**4/3 + 2*k**3/3 - 89*k**2. Suppose -2*b = -4*u + 12, -6 - 6 = 2*b - 2*u. Determine z(b).
-20
Suppose 18*y - 16 = -4*y + 18*y. Let v(w) = -17*w**2 + 66*w + 5. Give v(y).
-3
Let o(s) = 15*s - 34*s - 16456 + 16428. Determine o(-10).
162
Let q be 6 + 3/(-1) - 2. Let t be -13 - -13 - -3*3*q. Let z be 24/t*6/4. Let o(w) = w**2 - 2*w - 3. What is o(z)?
5
Let q(v) = -7*v + 24. Let w(c) = -4*c - 38 + 32 + 19. Let y(f) = 6*q(f) - 11*w(f). Give y(3).
7
Let h(k) = -5*k + k + 1 - 20*k + 25*k - 4*k. What is h(-10)?
31
Let y(z) = -9*z**2 - 12*z - 2. Let l(x) = -11*x**2 - 13*x - 2. Let d(r) = -5*l(r) + 6*y(r). What is d(8)?
6
Let c(v) = 4*v - 8. Suppose -17 = -4*n - x, 2*n = -4*x + 38 - 12. Let u be c(n). Let d(g) = -g**3 + 4*g**2 + 3*g - 6. Calculate d(u).
6
Let s be ((-3)/6)/((-18)/108). Let c(i) = -864*i + 2 - 858*i + 1710*i. What is c(s)?
-34
Let m = -1440 + 1436. Let t(n) be the first derivative of -n**5/120 + 7*n**3/3 - 4. Let b(w) be the third derivative of t(w). Give b(m).
4
Let z(p) = 352*p + 8 + 354*p - 1069*p + 367*p + 3*p**2 - p**3. Calculate z(4).
8
Let h(w) = w**3 + 13*w**2 + 7*w - 15. Let r = 384 - 396. Determine h(r).
45
Let o(q) be the second derivative of -q**4/6 + 11*q**3/3 + 4*q**2 - 6326*q + 2. What is o(11)?
8
Let s(k) = -2*k**2 + 8*k. Let i(r) = -5*r**2 + 24*r - 1. Let j(y) = -3*i(y) + 8*s(y). Let n(c) = c**3 - c**2 - c + 1. Let f(o) = -j(o) - n(o). Give f(4).
0
Let s(k) = -3*k**2 + 20*k + 29. Let i be s(8). Let q(w) = 13*w - 11. What is q(i)?
-50
Let m be -8 + 27/9 + -1. Let s(y) = 8*y - 2. Let v(p) = 2*p. Let b(r) = r. Let i(t) = 7*b(t) - 4*v(t). Let z(d) = m*i(d) - s(d). Give z(-3).
8
Let i = -215 + 217. Let c be (i*1/6)/((-18)/108). Let m(d) = -d**3 + 4*d**2 + 2*d - 1. What is m(c)?
19
Let q(l) be the first derivative of 19*l**2/2 + 41*l + 14397. Calculate q(-5).
-54
Let p(k) = 2*k + 44. Let i(v) = -v**2 - 27*v + 174. Let l be i(-33). Determine p(l).
-4
Let q(p) = -14*p - 2*p**2 + 74 + 0*p - 48 - 66 - 7*p. Determine q(-7).
9
Let o(u) = 7*u**2 - 25*u + 5. Let k(l) = 3*l**2 - 12*l + 2. Let h(f) = -9*k(f) + 4*o(f). Suppose 2*j + 4*g + 2 = 0, -4*j - 7*g = -10*g + 37. What is h(j)?
-5
Let j(v) be the third derivative of v**7/2520 + v**6/60 + v**5/6 + v**4/12 - 7*v**3/3 - 7*v**2 + 3*v. Let n(a) be the second derivative of j(a). Give n(-10).
0
Let s be (187/22 + 5)*12/18. Let r(o) = -6*o + 25. What is r(s)?
-29
Let q(o) = -1305*o + 649*o - 112 + 650*o. Determine q(-16).
-16
Let i(x) be the third derivative of x**6/20 + 23*x**5/30 - 2*x**4/3 - 214*x**2. Let h be i(-8). Let k(y) = y + 6. Determine k(h).
6
Let d(w) = -20*w + w**2 + 15*w**2 - 11*w**2 - 6*w**2 - 12. Calculate d(-15).
63
Suppose -9 = 7*z - 30. Suppose -g - 2*o - 5 = -1, -z*o - 6 = 0. Let l be (-5)/(-6 - -1)*(-1 + g). Let n(i) = -21*i. Give n(l).
21
Let p(n) = -n**3 - 8*n**2 - 11*n + 4. Let j be p(-6). Let h be (-3)/33*j + (-756)/(-77). Let c(s) = -2*s**2 + 19*s + 9. Determine c(h).
-1
Let t(h) = h**2 - 7*h - 5. Suppose -11 + 5 = 6*d. Let v be 3/d - (1 - 0 - 23). Let u be (24 - v)*(-12)/(-10). What is t(u)?
-11
Let o(p) = -6*p - 59. Let h(r) = -32*r - 321. Let z(s) = 2*h(s) - 11*o(s). Let f(x) = 3 - 12 - 12 - 6*x. Let u(d) = 3*f(d) + 8*z(d). Give u(-5).
3
Let x be -3 - (78/(-4) + (-36)/(-24)). Suppose 19*c + 28 = x*c. Let v(f) = -2*f - 7. What is v(c)?
7
Let j(o) be the first derivative of -o**3/3 - 11*o**2/2 - 11*o - 111. Let v be j(-2). Let p(t) = -4*t + 9. Calculate p(v).
-19
Let b(s) be the second derivative of -s**4/12 + s**3 - s**2/2 + 2*s. Suppose 0 = 17*m - 7*m + 140. Let a be (116/(-203))/(2/m). Give b(a).
7
Let u(a) = 16*a + 2. Suppose 0 = -2*f + 9*v - 25, -5*v - 1 = 2*f - 6*v. Give u(f).
18
Let x(l) be the first derivative of 9*l**2 + 2*l - 268. Give x(-1).
-16
Let v be (46/24 - 5/20)*-15. Let f = -20 - v. Let c(k) = f + 17*k**2 - k**3 - 41*k**2 - 3*k + 19*k**2. Give c(-4).
1
Let y = 24409 - 24417. Let o(w) = 11*w + 52. Give o(y).
-36
Let y(v) be the first derivative of -19*v**2/2 + 179*v + 6126. What is y(9)?
8
Let w be (1 - 10) + (-1)/((-7966)/(-532) + -15). Let c(t) = t**3 - 27*t**2 - 56*t - 31. Determine c(w).
27
Let t = -2 - -1. Let m be (-2 + (-13)/(-4))/(2/8). Let k(z) = -m*z**3 - 2 - 34*z + z**3 + 1 + 32*z. Give k(t).
5
Let p(t) = -t**2 - 4*t + 1. Let x be p(-2). Let z(k) = -2*k + 25. Let b be z(12). Let l(h) = -x*h - 1 - 5*h**2 + 4*h**2 - b. What is l(-5)?
-2
Suppose 5*b + n = -0*n + 187, -202 = -5*b + 4*n. Suppose 0 = -k + 33 - b. Let t(j) = -j**2 - 5*j - 2. What is t